{"id":2068,"date":"2021-06-29T08:18:13","date_gmt":"2021-06-29T06:18:13","guid":{"rendered":"https:\/\/sv-koerne83.de\/wordpress\/?post_type=tribe_events&#038;p=2068"},"modified":"2021-06-29T08:18:13","modified_gmt":"2021-06-29T06:18:13","slug":"koerner-treff-2021","status":"publish","type":"tribe_events","link":"https:\/\/sv-koerne83.de\/wordpress\/event\/koerner-treff-2021\/","title":{"rendered":"K\u00f6rner Treff 2021"},"content":{"rendered":"<p><strong>Freitag 30. Juli 2021 ab 18.00 Uhr<\/strong><br \/>\nDas Beste aus den 70er, 80er und 90er sowie das Soloprogramm der Antonella Rossi Show &#8222;Kontaktlos&#8220;. (Eintritt 10 Euro)<\/p>\n<p><strong>Samstag 31. Juli 2021 von 13.00 bis 17.00 Uhr<\/strong><br \/>\nSpiel &amp; Spa\u00df f\u00fcr Kinder und Jugendliche mit den Trixitt-Parcouren, einer H\u00fcpfburg und der Zauberin &#8222;Parella&#8220;, die eine Mitmachshow pr\u00e4sentiert. (kostenlos)<\/p>\n<p><strong>Samstag 31. Juli 2021 ab 18.30 Uhr<\/strong><br \/>\nDie gro\u00dfe Revue der Antonella Rossi Show, sowie die Schlagerparade mit DJ Ralph. (Eintritt 15 Euro)<\/p>\n<p>F\u00fcr das leibliche Wohl ist wie immer gesorgt. F\u00fcr den Zutritt zu den Abendveranstaltungen am Freitag und Samstag gelten die 3 G\u2019s (Getestet, Geimpft, Genesen). Die jeweiligen Dokumente sind mitzuf\u00fchren und am Eingang vorzuzeigen. Die Eintrittskarten k\u00f6nnen an folgenden Vorverkaufsstellen erworben werden. SV K\u00f6rne 83 (Vereinsheim), DJK TuS K\u00f6rne (Vereinsheim), Zehnthof Apotheke (Am Zehnthof 1), Kiosk bei G\u00fcnter (Im Defdahl 192)<\/p>\n","protected":false},"excerpt":{"rendered":"<p>Freitag 30. Juli 2021 ab 18.00 Uhr Das Beste aus den 70er, 80er und 90er sowie das Soloprogramm der Antonella Rossi Show &#8222;Kontaktlos&#8220;. (Eintritt 10 Euro) Samstag 31. Juli 2021 [&hellip;]<\/p>\n","protected":false},"author":2,"featured_media":0,"comment_status":"closed","ping_status":"closed","template":"","meta":{"_tribe_events_status":"","_tribe_events_status_reason":"","footnotes":""},"tags":[52,53,54],"tribe_events_cat":[8],"class_list":["post-2068","tribe_events","type-tribe_events","status-publish","hentry","tag-abendveranstaltung","tag-feier","tag-kultur","tribe_events_cat-feier","cat_feier"],"jetpack_sharing_enabled":true,"_links":{"self":[{"href":"https:\/\/sv-koerne83.de\/wordpress\/wp-json\/wp\/v2\/tribe_events\/2068","targetHints":{"allow":["GET"]}}],"collection":[{"href":"https:\/\/sv-koerne83.de\/wordpress\/wp-json\/wp\/v2\/tribe_events"}],"about":[{"href":"https:\/\/sv-koerne83.de\/wordpress\/wp-json\/wp\/v2\/types\/tribe_events"}],"author":[{"embeddable":true,"href":"https:\/\/sv-koerne83.de\/wordpress\/wp-json\/wp\/v2\/users\/2"}],"replies":[{"embeddable":true,"href":"https:\/\/sv-koerne83.de\/wordpress\/wp-json\/wp\/v2\/comments?post=2068"}],"version-history":[{"count":1,"href":"https:\/\/sv-koerne83.de\/wordpress\/wp-json\/wp\/v2\/tribe_events\/2068\/revisions"}],"predecessor-version":[{"id":2069,"href":"https:\/\/sv-koerne83.de\/wordpress\/wp-json\/wp\/v2\/tribe_events\/2068\/revisions\/2069"}],"wp:attachment":[{"href":"https:\/\/sv-koerne83.de\/wordpress\/wp-json\/wp\/v2\/media?parent=2068"}],"wp:term":[{"taxonomy":"post_tag","embeddable":true,"href":"https:\/\/sv-koerne83.de\/wordpress\/wp-json\/wp\/v2\/tags?post=2068"},{"taxonomy":"tribe_events_cat","embeddable":true,"href":"https:\/\/sv-koerne83.de\/wordpress\/wp-json\/wp\/v2\/tribe_events_cat?post=2068"}],"curies":[{"name":"wp","href":"https:\/\/api.w.org\/{rel}","templated":true}]}}

Körner Treff 2021

<p><strong>Freitag 30. Juli 2021 ab 18.00 Uhr</strong><br />
Das Beste aus den 70er, 80er und 90er sowie das Soloprogramm der Antonella Rossi Show &#8222;Kontaktlos&#8220;. (Eintritt 10 Euro)</p>
<p><strong>Samstag 31. Juli 2021 von 13.00 bis 17.00 Uhr</strong><br />
Spiel &amp; Spaß für Kinder und Jugendliche mit den Trixitt-Parcouren, einer Hüpfburg und der Zauberin &#8222;Parella&#8220;, die eine Mitmachshow präsentiert. (kostenlos)</p>
<p><strong>Samstag 31. Juli 2021 ab 18.30 Uhr</strong><br />
Die große Revue der Antonella Rossi Show, sowie die Schlagerparade mit DJ Ralph. (Eintritt 15 Euro)</p>
<p>Für das leibliche Wohl ist wie immer gesorgt. Für den Zutritt zu den Abendveranstaltungen am Freitag und Samstag gelten die 3 G’s (Getestet, Geimpft, Genesen). Die jeweiligen Dokumente sind mitzuführen und am Eingang vorzuzeigen. Die Eintrittskarten können an folgenden Vorverkaufsstellen erworben werden. SV Körne 83 (Vereinsheim), DJK TuS Körne (Vereinsheim), Zehnthof Apotheke (Am Zehnthof 1), Kiosk bei Günter (Im Defdahl 192)</p>
