{"id":2600,"date":"2022-07-21T12:19:11","date_gmt":"2022-07-21T10:19:11","guid":{"rendered":"https:\/\/sv-koerne83.de\/wordpress\/?post_type=tribe_events&#038;p=2600"},"modified":"2022-07-21T12:29:57","modified_gmt":"2022-07-21T10:29:57","slug":"kinderspielwoche-2022","status":"publish","type":"tribe_events","link":"https:\/\/sv-koerne83.de\/wordpress\/event\/kinderspielwoche-2022\/","title":{"rendered":"Kinderspielwoche 2022"},"content":{"rendered":"<p>Vom 01. bis 04. August bieten wir unser Kinderferienprogramm an. Die Kids k\u00f6nnen sich von Montag bis Donnerstag zwischen 14.00 und 17.00 Uhr auf dem Sportplatz austoben. Unterschiedlichste Spielstationen, wie eine Wasserrutschbahn und ein Fu\u00dfballparcour, stehen bereit. Auch Torwandschie\u00dfen, Eierlauf und Dosenwerfen ist m\u00f6glich.<\/p>\n<p>Am Dienstag und Donnerstag besucht ein Spezialgast die Sportanlage. Am Donnerstag beenden wir die Kinderspielwoche von 17.00 bis 20.00 Uhr mit einer Kinderdisco. An allen Tagen gibt es ein g\u00fcnstiges Tagesgericht (3,00 Euro) und g\u00fcnstige Getr\u00e4nke. Der Eintritt ist selbstverst\u00e4ndlich frei. Wir freuen uns auf euch!<\/p>\n<p><img loading=\"lazy\" decoding=\"async\" class=\"alignnone size-full wp-image-2601\" src=\"https:\/\/sv-koerne83.de\/wordpress\/wp-content\/uploads\/2022\/07\/Kinderferienspass_Flyer_A4-scaled.jpg\" alt=\"\" width=\"1810\" height=\"2560\" srcset=\"https:\/\/sv-koerne83.de\/wordpress\/wp-content\/uploads\/2022\/07\/Kinderferienspass_Flyer_A4-scaled.jpg 1810w, https:\/\/sv-koerne83.de\/wordpress\/wp-content\/uploads\/2022\/07\/Kinderferienspass_Flyer_A4-212x300.jpg 212w, https:\/\/sv-koerne83.de\/wordpress\/wp-content\/uploads\/2022\/07\/Kinderferienspass_Flyer_A4-724x1024.jpg 724w, https:\/\/sv-koerne83.de\/wordpress\/wp-content\/uploads\/2022\/07\/Kinderferienspass_Flyer_A4-768x1086.jpg 768w, https:\/\/sv-koerne83.de\/wordpress\/wp-content\/uploads\/2022\/07\/Kinderferienspass_Flyer_A4-1086x1536.jpg 1086w, https:\/\/sv-koerne83.de\/wordpress\/wp-content\/uploads\/2022\/07\/Kinderferienspass_Flyer_A4-1448x2048.jpg 1448w, https:\/\/sv-koerne83.de\/wordpress\/wp-content\/uploads\/2022\/07\/Kinderferienspass_Flyer_A4-90x128.jpg 90w, https:\/\/sv-koerne83.de\/wordpress\/wp-content\/uploads\/2022\/07\/Kinderferienspass_Flyer_A4-23x32.jpg 23w\" sizes=\"auto, (max-width: 1810px) 100vw, 1810px\" \/><\/p>\n","protected":false},"excerpt":{"rendered":"<p>Vom 01. bis 04. August bieten wir unser Kinderferienprogramm an. Die Kids k\u00f6nnen sich von Montag bis Donnerstag zwischen 14.00 und 17.00 Uhr auf dem Sportplatz austoben. Unterschiedlichste Spielstationen, wie [&hellip;]<\/p>\n","protected":false},"author":2,"featured_media":0,"comment_status":"closed","ping_status":"closed","template":"","meta":{"_tribe_events_status":"","_tribe_events_status_reason":"","footnotes":""},"tags":[],"tribe_events_cat":[37],"class_list":["post-2600","tribe_events","type-tribe_events","status-publish","hentry","tribe_events_cat-allgemein","cat_allgemein"],"jetpack_sharing_enabled":true,"_links":{"self":[{"href":"https:\/\/sv-koerne83.de\/wordpress\/wp-json\/wp\/v2\/tribe_events\/2600","targetHints":{"allow":["GET"]}}],"collection":[{"href":"https:\/\/sv-koerne83.de\/wordpress\/wp-json\/wp\/v2\/tribe_events"}],"about":[{"href":"https:\/\/sv-koerne83.de\/wordpress\/wp-json\/wp\/v2\/types\/tribe_events"}],"author":[{"embeddable":true,"href":"https:\/\/sv-koerne83.de\/wordpress\/wp-json\/wp\/v2\/users\/2"}],"replies":[{"embeddable":true,"href":"https:\/\/sv-koerne83.de\/wordpress\/wp-json\/wp\/v2\/comments?post=2600"}],"version-history":[{"count":5,"href":"https:\/\/sv-koerne83.de\/wordpress\/wp-json\/wp\/v2\/tribe_events\/2600\/revisions"}],"predecessor-version":[{"id":2610,"href":"https:\/\/sv-koerne83.de\/wordpress\/wp-json\/wp\/v2\/tribe_events\/2600\/revisions\/2610"}],"wp:attachment":[{"href":"https:\/\/sv-koerne83.de\/wordpress\/wp-json\/wp\/v2\/media?parent=2600"}],"wp:term":[{"taxonomy":"post_tag","embeddable":true,"href":"https:\/\/sv-koerne83.de\/wordpress\/wp-json\/wp\/v2\/tags?post=2600"},{"taxonomy":"tribe_events_cat","embeddable":true,"href":"https:\/\/sv-koerne83.de\/wordpress\/wp-json\/wp\/v2\/tribe_events_cat?post=2600"}],"curies":[{"name":"wp","href":"https:\/\/api.w.org\/{rel}","templated":true}]}}

<p>Vom 01. bis 04. August bieten wir unser Kinderferienprogramm an. Die Kids können sich von Montag bis Donnerstag zwischen 14.00 und 17.00 Uhr auf dem Sportplatz austoben. Unterschiedlichste Spielstationen, wie eine Wasserrutschbahn und ein Fußballparcour, stehen bereit. Auch Torwandschießen, Eierlauf und Dosenwerfen ist möglich.</p>
<p>Am Dienstag und Donnerstag besucht ein Spezialgast die Sportanlage. Am Donnerstag beenden wir die Kinderspielwoche von 17.00 bis 20.00 Uhr mit einer Kinderdisco. An allen Tagen gibt es ein günstiges Tagesgericht (3,00 Euro) und günstige Getränke. Der Eintritt ist selbstverständlich frei. Wir freuen uns auf euch!</p>
<p><img loading="lazy" decoding="async" class="alignnone size-full wp-image-2601" src="https://sv-koerne83.de/wordpress/wp-content/uploads/2022/07/Kinderferienspass_Flyer_A4-scaled.jpg" alt="" width="1810" height="2560" srcset="https://sv-koerne83.de/wordpress/wp-content/uploads/2022/07/Kinderferienspass_Flyer_A4-scaled.jpg 1810w, https://sv-koerne83.de/wordpress/wp-content/uploads/2022/07/Kinderferienspass_Flyer_A4-212x300.jpg 212w, https://sv-koerne83.de/wordpress/wp-content/uploads/2022/07/Kinderferienspass_Flyer_A4-724x1024.jpg 724w, https://sv-koerne83.de/wordpress/wp-content/uploads/2022/07/Kinderferienspass_Flyer_A4-768x1086.jpg 768w, https://sv-koerne83.de/wordpress/wp-content/uploads/2022/07/Kinderferienspass_Flyer_A4-1086x1536.jpg 1086w, https://sv-koerne83.de/wordpress/wp-content/uploads/2022/07/Kinderferienspass_Flyer_A4-1448x2048.jpg 1448w, https://sv-koerne83.de/wordpress/wp-content/uploads/2022/07/Kinderferienspass_Flyer_A4-90x128.jpg 90w, https://sv-koerne83.de/wordpress/wp-content/uploads/2022/07/Kinderferienspass_Flyer_A4-23x32.jpg 23w" sizes="auto, (max-width: 1810px) 100vw, 1810px" /></p>

<p>Vom 01. bis 04. August bieten wir unser Kinderferienprogramm an. Die Kids können sich von Montag bis Donnerstag zwischen 14.00 und 17.00 Uhr auf dem Sportplatz austoben. Unterschiedlichste Spielstationen, wie [&hellip;]</p>
