{"id":3180,"date":"2024-02-18T11:50:23","date_gmt":"2024-02-18T10:50:23","guid":{"rendered":"https:\/\/sv-koerne83.de\/wordpress\/?post_type=tribe_events&#038;p=3180"},"modified":"2024-06-19T08:40:19","modified_gmt":"2024-06-19T06:40:19","slug":"gesundheitstag-fuer-jung-alt","status":"publish","type":"tribe_events","link":"https:\/\/sv-koerne83.de\/wordpress\/event\/gesundheitstag-fuer-jung-alt\/","title":{"rendered":"Gesundheitstag f\u00fcr Jung &#038; Alt"},"content":{"rendered":"<p><strong>GESUNDHEIT &amp; BEWEGUNG<\/strong><\/p>\n<p><strong>Ab 14.00 Uhr &#8211; Ein Fest f\u00fcr die ganze Familie<\/strong><br \/>\nverschiedene <strong>Informationsst\u00e4nde<\/strong> zum Thema Gesundheit, Bewegung und Vorsorge. Gesundheitsparcours zum Mitmachen, Gesundheitsberatung, Spiele- und Geschicklichkeitsparcours. Kinderfest mit H\u00fcpfburg, uvm. <strong>Zauberk\u00fcnstler Mr. Tom<\/strong> unterh\u00e4lt die kleinen G\u00e4ste mit seiner Zaubershow.<\/p>\n<p><img loading=\"lazy\" decoding=\"async\" class=\"alignnone wp-image-3343 size-full\" src=\"https:\/\/sv-koerne83.de\/wordpress\/wp-content\/uploads\/2024\/02\/Gesundheitstag_Koerne.jpeg\" alt=\"\" width=\"1951\" height=\"1635\" srcset=\"https:\/\/sv-koerne83.de\/wordpress\/wp-content\/uploads\/2024\/02\/Gesundheitstag_Koerne.jpeg 1951w, https:\/\/sv-koerne83.de\/wordpress\/wp-content\/uploads\/2024\/02\/Gesundheitstag_Koerne-300x251.jpeg 300w, https:\/\/sv-koerne83.de\/wordpress\/wp-content\/uploads\/2024\/02\/Gesundheitstag_Koerne-1024x858.jpeg 1024w, https:\/\/sv-koerne83.de\/wordpress\/wp-content\/uploads\/2024\/02\/Gesundheitstag_Koerne-768x644.jpeg 768w, https:\/\/sv-koerne83.de\/wordpress\/wp-content\/uploads\/2024\/02\/Gesundheitstag_Koerne-1536x1287.jpeg 1536w, https:\/\/sv-koerne83.de\/wordpress\/wp-content\/uploads\/2024\/02\/Gesundheitstag_Koerne-128x107.jpeg 128w, https:\/\/sv-koerne83.de\/wordpress\/wp-content\/uploads\/2024\/02\/Gesundheitstag_Koerne-32x27.jpeg 32w\" sizes=\"auto, (max-width: 1951px) 100vw, 1951px\" \/><\/p>\n<hr \/>\n<p><strong>MUSIK F\u00dcR DIE SEELE<\/strong><\/p>\n<p><strong>ab 16.00 Uhr &#8211; Zeitreise<\/strong><br \/>\nS\u00e4nger und Entertainer <strong>Micha Badura<\/strong> pr\u00e4sentiert beim Tanztee mit Kaffee und Kuchen eine Zeitreise durch die Musikgeschichte. Klassiker, Schlager und Evergreens von Frank Sinatra, Udo J\u00fcrgens, Peter Alexander uvm.<\/p>\n<p><strong>ab 20.00 Uhr &#8211; Kessel Buntes<\/strong><br \/>\n<strong>Sarah G\u00f6thling<\/strong> pr\u00e4sentiert die gro\u00dfen deutschen Hits aus Schlager und Pop.<\/p>\n<p>Die <strong>ABBA-Girls<\/strong> sorgen mit den gr\u00f6\u00dften Hits der schwedischen Pop-Giganten f\u00fcr ausgelassene Stimmung!<\/p>\n<p><strong>Burt &amp; Badura<\/strong> lassen zum Abschluss noch mal alle Korken knallen! Eine explosive Mischung aus Rock\u2018n Roll, Schlager, Pop und Rock! Da bleibt kein Tanzbein ruhig und kein Stimmband leise.<\/p>\n<p><img loading=\"lazy\" decoding=\"async\" class=\"alignnone wp-image-3327 size-full\" src=\"https:\/\/sv-koerne83.de\/wordpress\/wp-content\/uploads\/2024\/02\/Titel.jpg\" alt=\"\" width=\"1080\" height=\"1080\" srcset=\"https:\/\/sv-koerne83.de\/wordpress\/wp-content\/uploads\/2024\/02\/Titel.jpg 1080w, https:\/\/sv-koerne83.de\/wordpress\/wp-content\/uploads\/2024\/02\/Titel-300x300.jpg 300w, https:\/\/sv-koerne83.de\/wordpress\/wp-content\/uploads\/2024\/02\/Titel-1024x1024.jpg 1024w, https:\/\/sv-koerne83.de\/wordpress\/wp-content\/uploads\/2024\/02\/Titel-150x150.jpg 150w, https:\/\/sv-koerne83.de\/wordpress\/wp-content\/uploads\/2024\/02\/Titel-768x768.jpg 768w, https:\/\/sv-koerne83.de\/wordpress\/wp-content\/uploads\/2024\/02\/Titel-500x500.jpg 500w, https:\/\/sv-koerne83.de\/wordpress\/wp-content\/uploads\/2024\/02\/Titel-400x400.jpg 400w, https:\/\/sv-koerne83.de\/wordpress\/wp-content\/uploads\/2024\/02\/Titel-128x128.jpg 128w, https:\/\/sv-koerne83.de\/wordpress\/wp-content\/uploads\/2024\/02\/Titel-32x32.jpg 32w\" sizes=\"auto, (max-width: 1080px) 100vw, 1080px\" \/><\/p>\n<p><img loading=\"lazy\" decoding=\"async\" class=\"alignnone wp-image-3356 size-full\" src=\"https:\/\/sv-koerne83.de\/wordpress\/wp-content\/uploads\/2024\/04\/Sponsoren_Banner_neu-scaled.jpg\" alt=\"\" width=\"2560\" height=\"474\" srcset=\"https:\/\/sv-koerne83.de\/wordpress\/wp-content\/uploads\/2024\/04\/Sponsoren_Banner_neu-scaled.jpg 2560w, https:\/\/sv-koerne83.de\/wordpress\/wp-content\/uploads\/2024\/04\/Sponsoren_Banner_neu-300x56.jpg 300w, https:\/\/sv-koerne83.de\/wordpress\/wp-content\/uploads\/2024\/04\/Sponsoren_Banner_neu-1024x190.jpg 1024w, https:\/\/sv-koerne83.de\/wordpress\/wp-content\/uploads\/2024\/04\/Sponsoren_Banner_neu-768x142.jpg 768w, https:\/\/sv-koerne83.de\/wordpress\/wp-content\/uploads\/2024\/04\/Sponsoren_Banner_neu-1536x284.jpg 1536w, https:\/\/sv-koerne83.de\/wordpress\/wp-content\/uploads\/2024\/04\/Sponsoren_Banner_neu-2048x379.jpg 2048w, https:\/\/sv-koerne83.de\/wordpress\/wp-content\/uploads\/2024\/04\/Sponsoren_Banner_neu-128x24.jpg 128w, https:\/\/sv-koerne83.de\/wordpress\/wp-content\/uploads\/2024\/04\/Sponsoren_Banner_neu-32x6.jpg 32w\" sizes=\"auto, (max-width: 2560px) 100vw, 2560px\" \/><\/p>\n","protected":false},"excerpt":{"rendered":"<p>GESUNDHEIT &amp; BEWEGUNG Ab 14.00 Uhr &#8211; Ein Fest f\u00fcr die ganze Familie verschiedene Informationsst\u00e4nde zum Thema Gesundheit, Bewegung und Vorsorge. Gesundheitsparcours zum Mitmachen, Gesundheitsberatung, Spiele- und Geschicklichkeitsparcours. Kinderfest mit [&hellip;]<\/p>\n","protected":false},"author":2,"featured_media":3413,"comment_status":"closed","ping_status":"closed","template":"","meta":{"_tribe_events_status":"","_tribe_events_status_reason":"","footnotes":""},"tags":[],"tribe_events_cat":[37],"class_list":["post-3180","tribe_events","type-tribe_events","status-publish","has-post-thumbnail","hentry","tribe_events_cat-allgemein","cat_allgemein"],"jetpack_sharing_enabled":true,"_links":{"self":[{"href":"https:\/\/sv-koerne83.de\/wordpress\/wp-json\/wp\/v2\/tribe_events\/3180","targetHints":{"allow":["GET"]}}],"collection":[{"href":"https:\/\/sv-koerne83.de\/wordpress\/wp-json\/wp\/v2\/tribe_events"}],"about":[{"href":"https:\/\/sv-koerne83.de\/wordpress\/wp-json\/wp\/v2\/types\/tribe_events"}],"author":[{"embeddable":true,"href":"https:\/\/sv-koerne83.de\/wordpress\/wp-json\/wp\/v2\/users\/2"}],"replies":[{"embeddable":true,"href":"https:\/\/sv-koerne83.de\/wordpress\/wp-json\/wp\/v2\/comments?post=3180"}],"version-history":[{"count":12,"href":"https:\/\/sv-koerne83.de\/wordpress\/wp-json\/wp\/v2\/tribe_events\/3180\/revisions"}],"predecessor-version":[{"id":3420,"href":"https:\/\/sv-koerne83.de\/wordpress\/wp-json\/wp\/v2\/tribe_events\/3180\/revisions\/3420"}],"wp:featuredmedia":[{"embeddable":true,"href":"https:\/\/sv-koerne83.de\/wordpress\/wp-json\/wp\/v2\/media\/3413"}],"wp:attachment":[{"href":"https:\/\/sv-koerne83.de\/wordpress\/wp-json\/wp\/v2\/media?parent=3180"}],"wp:term":[{"taxonomy":"post_tag","embeddable":true,"href":"https:\/\/sv-koerne83.de\/wordpress\/wp-json\/wp\/v2\/tags?post=3180"},{"taxonomy":"tribe_events_cat","embeddable":true,"href":"https:\/\/sv-koerne83.de\/wordpress\/wp-json\/wp\/v2\/tribe_events_cat?post=3180"}],"curies":[{"name":"wp","href":"https:\/\/api.w.org\/{rel}","templated":true}]}}

Gesundheitstag für Jung &#038; Alt

<p><strong>GESUNDHEIT &amp; BEWEGUNG</strong></p>
<p><strong>Ab 14.00 Uhr &#8211; Ein Fest für die ganze Familie</strong><br />
verschiedene <strong>Informationsstände</strong> zum Thema Gesundheit, Bewegung und Vorsorge. Gesundheitsparcours zum Mitmachen, Gesundheitsberatung, Spiele- und Geschicklichkeitsparcours. Kinderfest mit Hüpfburg, uvm. <strong>Zauberkünstler Mr. Tom</strong> unterhält die kleinen Gäste mit seiner Zaubershow.</p>
<p><img loading="lazy" decoding="async" class="alignnone wp-image-3343 size-full" src="https://sv-koerne83.de/wordpress/wp-content/uploads/2024/02/Gesundheitstag_Koerne.jpeg" alt="" width="1951" height="1635" srcset="https://sv-koerne83.de/wordpress/wp-content/uploads/2024/02/Gesundheitstag_Koerne.jpeg 1951w, https://sv-koerne83.de/wordpress/wp-content/uploads/2024/02/Gesundheitstag_Koerne-300x251.jpeg 300w, https://sv-koerne83.de/wordpress/wp-content/uploads/2024/02/Gesundheitstag_Koerne-1024x858.jpeg 1024w, https://sv-koerne83.de/wordpress/wp-content/uploads/2024/02/Gesundheitstag_Koerne-768x644.jpeg 768w, https://sv-koerne83.de/wordpress/wp-content/uploads/2024/02/Gesundheitstag_Koerne-1536x1287.jpeg 1536w, https://sv-koerne83.de/wordpress/wp-content/uploads/2024/02/Gesundheitstag_Koerne-128x107.jpeg 128w, https://sv-koerne83.de/wordpress/wp-content/uploads/2024/02/Gesundheitstag_Koerne-32x27.jpeg 32w" sizes="auto, (max-width: 1951px) 100vw, 1951px" /></p>
<hr />
<p><strong>MUSIK FÜR DIE SEELE</strong></p>
<p><strong>ab 16.00 Uhr &#8211; Zeitreise</strong><br />
Sänger und Entertainer <strong>Micha Badura</strong> präsentiert beim Tanztee mit Kaffee und Kuchen eine Zeitreise durch die Musikgeschichte. Klassiker, Schlager und Evergreens von Frank Sinatra, Udo Jürgens, Peter Alexander uvm.</p>
<p><strong>ab 20.00 Uhr &#8211; Kessel Buntes</strong><br />
<strong>Sarah Göthling</strong> präsentiert die großen deutschen Hits aus Schlager und Pop.</p>
<p>Die <strong>ABBA-Girls</strong> sorgen mit den größten Hits der schwedischen Pop-Giganten für ausgelassene Stimmung!</p>
<p><strong>Burt &amp; Badura</strong> lassen zum Abschluss noch mal alle Korken knallen! Eine explosive Mischung aus Rock‘n Roll, Schlager, Pop und Rock! Da bleibt kein Tanzbein ruhig und kein Stimmband leise.</p>
<p><img loading="lazy" decoding="async" class="alignnone wp-image-3327 size-full" src="https://sv-koerne83.de/wordpress/wp-content/uploads/2024/02/Titel.jpg" alt="" width="1080" height="1080" srcset="https://sv-koerne83.de/wordpress/wp-content/uploads/2024/02/Titel.jpg 1080w, https://sv-koerne83.de/wordpress/wp-content/uploads/2024/02/Titel-300x300.jpg 300w, https://sv-koerne83.de/wordpress/wp-content/uploads/2024/02/Titel-1024x1024.jpg 1024w, https://sv-koerne83.de/wordpress/wp-content/uploads/2024/02/Titel-150x150.jpg 150w, https://sv-koerne83.de/wordpress/wp-content/uploads/2024/02/Titel-768x768.jpg 768w, https://sv-koerne83.de/wordpress/wp-content/uploads/2024/02/Titel-500x500.jpg 500w, https://sv-koerne83.de/wordpress/wp-content/uploads/2024/02/Titel-400x400.jpg 400w, https://sv-koerne83.de/wordpress/wp-content/uploads/2024/02/Titel-128x128.jpg 128w, https://sv-koerne83.de/wordpress/wp-content/uploads/2024/02/Titel-32x32.jpg 32w" sizes="auto, (max-width: 1080px) 100vw, 1080px" /></p>
<p><img loading="lazy" decoding="async" class="alignnone wp-image-3356 size-full" src="https://sv-koerne83.de/wordpress/wp-content/uploads/2024/04/Sponsoren_Banner_neu-scaled.jpg" alt="" width="2560" height="474" srcset="https://sv-koerne83.de/wordpress/wp-content/uploads/2024/04/Sponsoren_Banner_neu-scaled.jpg 2560w, https://sv-koerne83.de/wordpress/wp-content/uploads/2024/04/Sponsoren_Banner_neu-300x56.jpg 300w, https://sv-koerne83.de/wordpress/wp-content/uploads/2024/04/Sponsoren_Banner_neu-1024x190.jpg 1024w, https://sv-koerne83.de/wordpress/wp-content/uploads/2024/04/Sponsoren_Banner_neu-768x142.jpg 768w, https://sv-koerne83.de/wordpress/wp-content/uploads/2024/04/Sponsoren_Banner_neu-1536x284.jpg 1536w, https://sv-koerne83.de/wordpress/wp-content/uploads/2024/04/Sponsoren_Banner_neu-2048x379.jpg 2048w, https://sv-koerne83.de/wordpress/wp-content/uploads/2024/04/Sponsoren_Banner_neu-128x24.jpg 128w, https://sv-koerne83.de/wordpress/wp-content/uploads/2024/04/Sponsoren_Banner_neu-32x6.jpg 32w" sizes="auto, (max-width: 2560px) 100vw, 2560px" /></p>

<p>GESUNDHEIT &amp; BEWEGUNG Ab 14.00 Uhr &#8211; Ein Fest für die ganze Familie verschiedene Informationsstände zum Thema Gesundheit, Bewegung und Vorsorge. Gesundheitsparcours zum Mitmachen, Gesundheitsberatung, Spiele- und Geschicklichkeitsparcours. Kinderfest mit [&hellip;]</p>
