{"id":3644,"date":"2025-01-23T15:27:06","date_gmt":"2025-01-23T14:27:06","guid":{"rendered":"https:\/\/sv-koerne83.de\/wordpress\/?post_type=tribe_events&#038;p=3644"},"modified":"2025-06-05T12:28:47","modified_gmt":"2025-06-05T10:28:47","slug":"youth-cup-2025-d-jugend","status":"publish","type":"tribe_events","link":"https:\/\/sv-koerne83.de\/wordpress\/event\/youth-cup-2025-d-jugend\/","title":{"rendered":"YOUTH CUP 2025 | D-Jugend"},"content":{"rendered":"<p>Wir freuen uns euch am Samstag, den 28.06.2025, zu unserem <strong>Youth Cup 2025<\/strong> f\u00fcr <strong>D-Jugendmannschaften<\/strong> begr\u00fc\u00dfen zu d\u00fcrfen. Das Turnier findet in der Zeit von 11.00 Uhr bis ca. 16.30 Uhr auf unserer Sportanlage am Winkelriedweg statt. Wir freuen uns auf ein interessantes Turnier und sagen &#8222;Willkommen im Affenk\u00e4fig&#8220;.<\/p>\n<p><strong>TURNIERPLAN<\/strong><\/p>\n<p><a href=\"https:\/\/sv-koerne83.de\/wordpress\/wp-content\/uploads\/2025\/06\/250628-D.pdf\"><img loading=\"lazy\" decoding=\"async\" class=\"alignnone wp-image-3795 size-full\" src=\"https:\/\/sv-koerne83.de\/wordpress\/wp-content\/uploads\/2025\/06\/250628-D_Seite_1.jpg\" alt=\"\" width=\"1679\" height=\"2374\" \/><\/a><br \/>\n<a href=\"https:\/\/sv-koerne83.de\/wordpress\/wp-content\/uploads\/2025\/06\/250628-D.pdf\"><img loading=\"lazy\" decoding=\"async\" class=\"alignnone wp-image-3795 size-full\" src=\"https:\/\/sv-koerne83.de\/wordpress\/wp-content\/uploads\/2025\/06\/250628-D_Seite_2.jpg\" alt=\"\" width=\"1679\" height=\"2374\" \/><\/a><\/p>\n<div class=\"sportspress\">\t<h3 class=\"sp-staff-name\"><strong class=\"sp-staff-role\">Turnierkoordinator<\/strong> Tobias Schigowski<\/h3>\n\t\t<div class=\"sp-template sp-template-staff-photo sp-template-photo sp-staff-photo\">\n\t\t<img loading=\"lazy\" decoding=\"async\" width=\"300\" height=\"300\" src=\"https:\/\/sv-koerne83.de\/wordpress\/wp-content\/uploads\/2025\/09\/2025_Schigowski2-300x300.png\" class=\"attachment-sportspress-fit-medium size-sportspress-fit-medium wp-post-image\" alt=\"\" srcset=\"https:\/\/sv-koerne83.de\/wordpress\/wp-content\/uploads\/2025\/09\/2025_Schigowski2-300x300.png 300w, https:\/\/sv-koerne83.de\/wordpress\/wp-content\/uploads\/2025\/09\/2025_Schigowski2-150x150.png 150w, https:\/\/sv-koerne83.de\/wordpress\/wp-content\/uploads\/2025\/09\/2025_Schigowski2-768x768.png 768w, https:\/\/sv-koerne83.de\/wordpress\/wp-content\/uploads\/2025\/09\/2025_Schigowski2-500x500.png 500w, https:\/\/sv-koerne83.de\/wordpress\/wp-content\/uploads\/2025\/09\/2025_Schigowski2-400x400.png 400w, https:\/\/sv-koerne83.de\/wordpress\/wp-content\/uploads\/2025\/09\/2025_Schigowski2-128x128.png 128w, https:\/\/sv-koerne83.de\/wordpress\/wp-content\/uploads\/2025\/09\/2025_Schigowski2-32x32.png 32w, https:\/\/sv-koerne83.de\/wordpress\/wp-content\/uploads\/2025\/09\/2025_Schigowski2.png 1000w\" sizes=\"auto, (max-width: 300px) 100vw, 300px\" \/>\t<\/div>\n\t\t<div class=\"sp-post-content\">\n\t  <p><strong>Mobil:<\/strong> 0151-16927297<br \/>\n<strong>E-Mail:<\/strong> Y2tobi@t-online.de<\/p>\n\t<\/div>\n\t<\/div>\n","protected":false},"excerpt":{"rendered":"<p>Wir freuen uns euch am Samstag, den 28.06.2025, zu unserem Youth Cup 2025 f\u00fcr D-Jugendmannschaften begr\u00fc\u00dfen zu d\u00fcrfen. Das Turnier findet in der Zeit von 11.00 Uhr bis ca. 16.30 [&hellip;]<\/p>\n","protected":false},"author":2,"featured_media":0,"comment_status":"closed","ping_status":"closed","template":"","meta":{"_tribe_events_status":"","_tribe_events_status_reason":"","footnotes":""},"tags":[],"tribe_events_cat":[4],"class_list":["post-3644","tribe_events","type-tribe_events","status-publish","hentry","tribe_events_cat-turnier","cat_turnier"],"jetpack_sharing_enabled":true,"_links":{"self":[{"href":"https:\/\/sv-koerne83.de\/wordpress\/wp-json\/wp\/v2\/tribe_events\/3644","targetHints":{"allow":["GET"]}}],"collection":[{"href":"https:\/\/sv-koerne83.de\/wordpress\/wp-json\/wp\/v2\/tribe_events"}],"about":[{"href":"https:\/\/sv-koerne83.de\/wordpress\/wp-json\/wp\/v2\/types\/tribe_events"}],"author":[{"embeddable":true,"href":"https:\/\/sv-koerne83.de\/wordpress\/wp-json\/wp\/v2\/users\/2"}],"replies":[{"embeddable":true,"href":"https:\/\/sv-koerne83.de\/wordpress\/wp-json\/wp\/v2\/comments?post=3644"}],"version-history":[{"count":3,"href":"https:\/\/sv-koerne83.de\/wordpress\/wp-json\/wp\/v2\/tribe_events\/3644\/revisions"}],"predecessor-version":[{"id":3824,"href":"https:\/\/sv-koerne83.de\/wordpress\/wp-json\/wp\/v2\/tribe_events\/3644\/revisions\/3824"}],"wp:attachment":[{"href":"https:\/\/sv-koerne83.de\/wordpress\/wp-json\/wp\/v2\/media?parent=3644"}],"wp:term":[{"taxonomy":"post_tag","embeddable":true,"href":"https:\/\/sv-koerne83.de\/wordpress\/wp-json\/wp\/v2\/tags?post=3644"},{"taxonomy":"tribe_events_cat","embeddable":true,"href":"https:\/\/sv-koerne83.de\/wordpress\/wp-json\/wp\/v2\/tribe_events_cat?post=3644"}],"curies":[{"name":"wp","href":"https:\/\/api.w.org\/{rel}","templated":true}]}}

<p>Wir freuen uns euch am Samstag, den 28.06.2025, zu unserem <strong>Youth Cup 2025</strong> für <strong>D-Jugendmannschaften</strong> begrüßen zu dürfen. Das Turnier findet in der Zeit von 11.00 Uhr bis ca. 16.30 Uhr auf unserer Sportanlage am Winkelriedweg statt. Wir freuen uns auf ein interessantes Turnier und sagen &#8222;Willkommen im Affenkäfig&#8220;.</p>
<p><strong>TURNIERPLAN</strong></p>
<p><a href="https://sv-koerne83.de/wordpress/wp-content/uploads/2025/06/250628-D.pdf"><img loading="lazy" decoding="async" class="alignnone wp-image-3795 size-full" src="https://sv-koerne83.de/wordpress/wp-content/uploads/2025/06/250628-D_Seite_1.jpg" alt="" width="1679" height="2374" /></a><br />
<a href="https://sv-koerne83.de/wordpress/wp-content/uploads/2025/06/250628-D.pdf"><img loading="lazy" decoding="async" class="alignnone wp-image-3795 size-full" src="https://sv-koerne83.de/wordpress/wp-content/uploads/2025/06/250628-D_Seite_2.jpg" alt="" width="1679" height="2374" /></a></p>
<div class="sportspress">	<h3 class="sp-staff-name"><strong class="sp-staff-role">Turnierkoordinator</strong> Tobias Schigowski</h3>
		<div class="sp-template sp-template-staff-photo sp-template-photo sp-staff-photo">
		<img loading="lazy" decoding="async" width="300" height="300" src="https://sv-koerne83.de/wordpress/wp-content/uploads/2025/09/2025_Schigowski2-300x300.png" class="attachment-sportspress-fit-medium size-sportspress-fit-medium wp-post-image" alt="" srcset="https://sv-koerne83.de/wordpress/wp-content/uploads/2025/09/2025_Schigowski2-300x300.png 300w, https://sv-koerne83.de/wordpress/wp-content/uploads/2025/09/2025_Schigowski2-150x150.png 150w, https://sv-koerne83.de/wordpress/wp-content/uploads/2025/09/2025_Schigowski2-768x768.png 768w, https://sv-koerne83.de/wordpress/wp-content/uploads/2025/09/2025_Schigowski2-500x500.png 500w, https://sv-koerne83.de/wordpress/wp-content/uploads/2025/09/2025_Schigowski2-400x400.png 400w, https://sv-koerne83.de/wordpress/wp-content/uploads/2025/09/2025_Schigowski2-128x128.png 128w, https://sv-koerne83.de/wordpress/wp-content/uploads/2025/09/2025_Schigowski2-32x32.png 32w, https://sv-koerne83.de/wordpress/wp-content/uploads/2025/09/2025_Schigowski2.png 1000w" sizes="auto, (max-width: 300px) 100vw, 300px" />	</div>
		<div class="sp-post-content">
	  <p><strong>Mobil:</strong> 0151-16927297<br />
<strong>E-Mail:</strong> Y2tobi@t-online.de</p>
	</div>
	</div>

<p>Wir freuen uns euch am Samstag, den 28.06.2025, zu unserem Youth Cup 2025 für D-Jugendmannschaften begrüßen zu dürfen. Das Turnier findet in der Zeit von 11.00 Uhr bis ca. 16.30 [&hellip;]</p>
