{"id":3834,"date":"2025-06-17T11:26:25","date_gmt":"2025-06-17T09:26:25","guid":{"rendered":"https:\/\/sv-koerne83.de\/wordpress\/?post_type=tribe_events&#038;p=3834"},"modified":"2025-06-23T12:51:28","modified_gmt":"2025-06-23T10:51:28","slug":"koerner-woche","status":"publish","type":"tribe_events","link":"https:\/\/sv-koerne83.de\/wordpress\/event\/koerner-woche\/","title":{"rendered":"K\u00d6RNER WOCHE 2025"},"content":{"rendered":"<p>Vom 11.07.2025 bis zum 19.07.2025 findet die K\u00d6RNER WOCHE im Rahmen des diesj\u00e4hrigen K\u00f6rner Treffs statt. Euch erwarten tolle Programmpunkte und wir freuen uns, euch auf unserer Sportanlage im Affenk\u00e4fig begr\u00fc\u00dfen zu d\u00fcrfen.<\/p>\n<p><strong><u>FREITAG 11.07.2025<\/u><\/strong><br \/>\n<strong>ab 18.30 Uhr: Eine Legende verl\u00e4sst das Gel\u00e4nde<\/strong><br \/>\nSV K\u00f6rne 83 (\u00dc50) vs. Eddy\u2009&amp;\u2009Friends<\/p>\n<p>anschlie\u00dfend D\u00e4mmershoppen mit der Band <strong>SEVEN PLANETS<\/strong><\/p>\n<p><img loading=\"lazy\" decoding=\"async\" class=\"alignnone wp-image-3837 size-medium\" src=\"https:\/\/sv-koerne83.de\/wordpress\/wp-content\/uploads\/2025\/06\/sevenplanets_band-300x200.jpg\" alt=\"\" width=\"300\" height=\"200\" srcset=\"https:\/\/sv-koerne83.de\/wordpress\/wp-content\/uploads\/2025\/06\/sevenplanets_band-300x200.jpg 300w, https:\/\/sv-koerne83.de\/wordpress\/wp-content\/uploads\/2025\/06\/sevenplanets_band-1024x683.jpg 1024w, https:\/\/sv-koerne83.de\/wordpress\/wp-content\/uploads\/2025\/06\/sevenplanets_band-768x512.jpg 768w, https:\/\/sv-koerne83.de\/wordpress\/wp-content\/uploads\/2025\/06\/sevenplanets_band-1536x1024.jpg 1536w, https:\/\/sv-koerne83.de\/wordpress\/wp-content\/uploads\/2025\/06\/sevenplanets_band-128x85.jpg 128w, https:\/\/sv-koerne83.de\/wordpress\/wp-content\/uploads\/2025\/06\/sevenplanets_band-32x21.jpg 32w, https:\/\/sv-koerne83.de\/wordpress\/wp-content\/uploads\/2025\/06\/sevenplanets_band.jpg 1600w\" sizes=\"auto, (max-width: 300px) 100vw, 300px\" \/><\/p>\n<hr \/>\n<p><strong><u>SAMSTAG 12.07.2025<\/u><\/strong><br \/>\n<strong>13.00 Uhr bis 18.00 Uhr<\/strong><br \/>\nKinderfest mit H\u00fcpfburg, Wasserrutschbahn, Kinderschminken und Zauberer. Kommt vorbei und genie\u00dft einen sch\u00f6nen Tag auf unserer Sportanlage<\/p>\n<p><img loading=\"lazy\" decoding=\"async\" class=\"alignnone size-medium wp-image-3838\" src=\"https:\/\/sv-koerne83.de\/wordpress\/wp-content\/uploads\/2025\/06\/Sparkasse_Dortmund_Huepfburg_01-1120x630-1-300x169.jpg\" alt=\"\" width=\"300\" height=\"169\" srcset=\"https:\/\/sv-koerne83.de\/wordpress\/wp-content\/uploads\/2025\/06\/Sparkasse_Dortmund_Huepfburg_01-1120x630-1-300x169.jpg 300w, https:\/\/sv-koerne83.de\/wordpress\/wp-content\/uploads\/2025\/06\/Sparkasse_Dortmund_Huepfburg_01-1120x630-1-1024x576.jpg 1024w, https:\/\/sv-koerne83.de\/wordpress\/wp-content\/uploads\/2025\/06\/Sparkasse_Dortmund_Huepfburg_01-1120x630-1-768x432.jpg 768w, https:\/\/sv-koerne83.de\/wordpress\/wp-content\/uploads\/2025\/06\/Sparkasse_Dortmund_Huepfburg_01-1120x630-1-128x72.jpg 128w, https:\/\/sv-koerne83.de\/wordpress\/wp-content\/uploads\/2025\/06\/Sparkasse_Dortmund_Huepfburg_01-1120x630-1-32x18.jpg 32w, https:\/\/sv-koerne83.de\/wordpress\/wp-content\/uploads\/2025\/06\/Sparkasse_Dortmund_Huepfburg_01-1120x630-1.jpg 1120w\" sizes=\"auto, (max-width: 300px) 100vw, 300px\" \/><\/p>\n<hr \/>\n<p><strong><u>MONTAG 14.07.2025 bis FREITAG 18.07.2025<\/u><\/strong><br \/>\n<strong>13.00 Uhr bis 18.00 Uhr<\/strong><br \/>\nKinderferien-Woche auf dem Sportplatz. Jeden Tag von 13.00 bis 18.00 Uhr. Spiele, Mittagssnack und t\u00e4glich wechselnde MitMachAktionen.<\/p>\n<ul>\n<li>Montag: Kindertr\u00f6delmarkt (Jeder darf mitmachen)<\/li>\n<li>Dienstag: Sporttag mit unserer \u201eSV K\u00f6rne Olympiade\u201c<\/li>\n<li>Mittwoch: Wasserspielfest mit H\u00fcpfburg und Wasserrutschbahn<\/li>\n<li>Donnerstag: Wasserspielfest mit H\u00fcpfburg und Wasserrutschbahn<\/li>\n<li>Freitag: Kinderschminken + Haare stylen (von 15.00 bis 18.00 Uhr), Kinderdisco (ab 18.00 Uhr)<\/li>\n<\/ul>\n<hr \/>\n<p><strong><u>SAMSTAG 19.07.2025<\/u><\/strong><br \/>\n<strong>11.00 Uhr: Er\u00f6ffnungsspiel<\/strong><br \/>\nSV K\u00f6rne 83 III vs. FC Dortmund 18 III<\/p>\n<p><strong>13.00 Uhr: K\u00f6rner Hellweg Pokal<\/strong><br \/>\n<img loading=\"lazy\" decoding=\"async\" class=\"alignnone wp-image-3839 size-thumbnail\" src=\"https:\/\/sv-koerne83.de\/wordpress\/wp-content\/uploads\/2025\/06\/fc_dortmund-150x150.png\" alt=\"\" width=\"150\" height=\"150\" srcset=\"https:\/\/sv-koerne83.de\/wordpress\/wp-content\/uploads\/2025\/06\/fc_dortmund-150x150.png 150w, https:\/\/sv-koerne83.de\/wordpress\/wp-content\/uploads\/2025\/06\/fc_dortmund-128x128.png 128w, https:\/\/sv-koerne83.de\/wordpress\/wp-content\/uploads\/2025\/06\/fc_dortmund-32x32.png 32w, https:\/\/sv-koerne83.de\/wordpress\/wp-content\/uploads\/2025\/06\/fc_dortmund.png 300w\" sizes=\"auto, (max-width: 150px) 100vw, 150px\" \/> <img loading=\"lazy\" decoding=\"async\" class=\"alignnone wp-image-3840 size-thumbnail\" src=\"https:\/\/sv-koerne83.de\/wordpress\/wp-content\/uploads\/2025\/06\/oesg_viktoria_neu-150x150.png\" alt=\"\" width=\"150\" height=\"150\" srcset=\"https:\/\/sv-koerne83.de\/wordpress\/wp-content\/uploads\/2025\/06\/oesg_viktoria_neu-150x150.png 150w, https:\/\/sv-koerne83.de\/wordpress\/wp-content\/uploads\/2025\/06\/oesg_viktoria_neu-128x128.png 128w, https:\/\/sv-koerne83.de\/wordpress\/wp-content\/uploads\/2025\/06\/oesg_viktoria_neu-32x32.png 32w, https:\/\/sv-koerne83.de\/wordpress\/wp-content\/uploads\/2025\/06\/oesg_viktoria_neu.png 300w\" sizes=\"auto, (max-width: 150px) 100vw, 150px\" \/> <img loading=\"lazy\" decoding=\"async\" class=\"alignnone wp-image-3841 size-thumbnail\" src=\"https:\/\/sv-koerne83.de\/wordpress\/wp-content\/uploads\/2025\/06\/sv_koerne_83-150x150.png\" alt=\"\" width=\"150\" height=\"150\" srcset=\"https:\/\/sv-koerne83.de\/wordpress\/wp-content\/uploads\/2025\/06\/sv_koerne_83-150x150.png 150w, https:\/\/sv-koerne83.de\/wordpress\/wp-content\/uploads\/2025\/06\/sv_koerne_83-128x128.png 128w, https:\/\/sv-koerne83.de\/wordpress\/wp-content\/uploads\/2025\/06\/sv_koerne_83-32x32.png 32w, https:\/\/sv-koerne83.de\/wordpress\/wp-content\/uploads\/2025\/06\/sv_koerne_83.png 300w\" sizes=\"auto, (max-width: 150px) 100vw, 150px\" \/> <img loading=\"lazy\" decoding=\"async\" class=\"alignnone wp-image-3842 size-thumbnail\" src=\"https:\/\/sv-koerne83.de\/wordpress\/wp-content\/uploads\/2025\/06\/tus_koerne-150x150.png\" alt=\"\" width=\"150\" height=\"150\" srcset=\"https:\/\/sv-koerne83.de\/wordpress\/wp-content\/uploads\/2025\/06\/tus_koerne-150x150.png 150w, https:\/\/sv-koerne83.de\/wordpress\/wp-content\/uploads\/2025\/06\/tus_koerne-128x128.png 128w, https:\/\/sv-koerne83.de\/wordpress\/wp-content\/uploads\/2025\/06\/tus_koerne-32x32.png 32w, https:\/\/sv-koerne83.de\/wordpress\/wp-content\/uploads\/2025\/06\/tus_koerne.png 300w\" sizes=\"auto, (max-width: 150px) 100vw, 150px\" \/><\/p>\n<p><strong>19.00 Uhr: After-Turnier-Party <\/strong>mit DJ IGL und Antonella Rossi &amp; Friends<\/p>\n<p><img loading=\"lazy\" decoding=\"async\" class=\"alignnone wp-image-3843 size-medium\" src=\"https:\/\/sv-koerne83.de\/wordpress\/wp-content\/uploads\/2025\/06\/620-ImCasten-566-von-628-300x200.jpg\" alt=\"\" width=\"300\" height=\"200\" srcset=\"https:\/\/sv-koerne83.de\/wordpress\/wp-content\/uploads\/2025\/06\/620-ImCasten-566-von-628-300x200.jpg 300w, https:\/\/sv-koerne83.de\/wordpress\/wp-content\/uploads\/2025\/06\/620-ImCasten-566-von-628-1024x683.jpg 1024w, https:\/\/sv-koerne83.de\/wordpress\/wp-content\/uploads\/2025\/06\/620-ImCasten-566-von-628-768x512.jpg 768w, https:\/\/sv-koerne83.de\/wordpress\/wp-content\/uploads\/2025\/06\/620-ImCasten-566-von-628-1536x1025.jpg 1536w, https:\/\/sv-koerne83.de\/wordpress\/wp-content\/uploads\/2025\/06\/620-ImCasten-566-von-628-128x85.jpg 128w, https:\/\/sv-koerne83.de\/wordpress\/wp-content\/uploads\/2025\/06\/620-ImCasten-566-von-628-32x21.jpg 32w, https:\/\/sv-koerne83.de\/wordpress\/wp-content\/uploads\/2025\/06\/620-ImCasten-566-von-628.jpg 1920w\" sizes=\"auto, (max-width: 300px) 100vw, 300px\" \/><\/p>\n<hr \/>\n<p><img loading=\"lazy\" decoding=\"async\" class=\"alignnone wp-image-3852 size-large\" src=\"https:\/\/sv-koerne83.de\/wordpress\/wp-content\/uploads\/2025\/06\/Plakat_Koerner-Woche_2025_A3-724x1024.jpg\" alt=\"\" width=\"620\" height=\"877\" srcset=\"https:\/\/sv-koerne83.de\/wordpress\/wp-content\/uploads\/2025\/06\/Plakat_Koerner-Woche_2025_A3-724x1024.jpg 724w, https:\/\/sv-koerne83.de\/wordpress\/wp-content\/uploads\/2025\/06\/Plakat_Koerner-Woche_2025_A3-212x300.jpg 212w, https:\/\/sv-koerne83.de\/wordpress\/wp-content\/uploads\/2025\/06\/Plakat_Koerner-Woche_2025_A3-768x1086.jpg 768w, https:\/\/sv-koerne83.de\/wordpress\/wp-content\/uploads\/2025\/06\/Plakat_Koerner-Woche_2025_A3-1086x1536.jpg 1086w, https:\/\/sv-koerne83.de\/wordpress\/wp-content\/uploads\/2025\/06\/Plakat_Koerner-Woche_2025_A3-1448x2048.jpg 1448w, https:\/\/sv-koerne83.de\/wordpress\/wp-content\/uploads\/2025\/06\/Plakat_Koerner-Woche_2025_A3-91x128.jpg 91w, https:\/\/sv-koerne83.de\/wordpress\/wp-content\/uploads\/2025\/06\/Plakat_Koerner-Woche_2025_A3-23x32.jpg 23w, https:\/\/sv-koerne83.de\/wordpress\/wp-content\/uploads\/2025\/06\/Plakat_Koerner-Woche_2025_A3-scaled.jpg 1810w\" sizes=\"auto, (max-width: 620px) 100vw, 620px\" \/><img loading=\"lazy\" decoding=\"async\" class=\"alignnone wp-image-3851 size-large\" src=\"https:\/\/sv-koerne83.de\/wordpress\/wp-content\/uploads\/2025\/06\/Plakat_Kinderferienwoche-724x1024.jpg\" alt=\"\" width=\"620\" height=\"877\" srcset=\"https:\/\/sv-koerne83.de\/wordpress\/wp-content\/uploads\/2025\/06\/Plakat_Kinderferienwoche-724x1024.jpg 724w, https:\/\/sv-koerne83.de\/wordpress\/wp-content\/uploads\/2025\/06\/Plakat_Kinderferienwoche-212x300.jpg 212w, https:\/\/sv-koerne83.de\/wordpress\/wp-content\/uploads\/2025\/06\/Plakat_Kinderferienwoche-768x1086.jpg 768w, https:\/\/sv-koerne83.de\/wordpress\/wp-content\/uploads\/2025\/06\/Plakat_Kinderferienwoche-1086x1536.jpg 1086w, https:\/\/sv-koerne83.de\/wordpress\/wp-content\/uploads\/2025\/06\/Plakat_Kinderferienwoche-1448x2048.jpg 1448w, https:\/\/sv-koerne83.de\/wordpress\/wp-content\/uploads\/2025\/06\/Plakat_Kinderferienwoche-91x128.jpg 91w, https:\/\/sv-koerne83.de\/wordpress\/wp-content\/uploads\/2025\/06\/Plakat_Kinderferienwoche-23x32.jpg 23w, https:\/\/sv-koerne83.de\/wordpress\/wp-content\/uploads\/2025\/06\/Plakat_Kinderferienwoche-scaled.jpg 1810w\" sizes=\"auto, (max-width: 620px) 100vw, 620px\" \/><\/p>\n","protected":false},"excerpt":{"rendered":"<p>Vom 11.07.2025 bis zum 19.07.2025 findet die K\u00d6RNER WOCHE im Rahmen des diesj\u00e4hrigen K\u00f6rner Treffs statt. Euch erwarten tolle Programmpunkte und wir freuen uns, euch auf unserer Sportanlage im Affenk\u00e4fig [&hellip;]<\/p>\n","protected":false},"author":2,"featured_media":0,"comment_status":"closed","ping_status":"closed","template":"","meta":{"_tribe_events_status":"","_tribe_events_status_reason":"","footnotes":""},"tags":[],"tribe_events_cat":[37,8,4],"class_list":["post-3834","tribe_events","type-tribe_events","status-publish","hentry","tribe_events_cat-allgemein","tribe_events_cat-feier","tribe_events_cat-turnier","cat_allgemein","cat_feier","cat_turnier"],"jetpack_sharing_enabled":true,"_links":{"self":[{"href":"https:\/\/sv-koerne83.de\/wordpress\/wp-json\/wp\/v2\/tribe_events\/3834","targetHints":{"allow":["GET"]}}],"collection":[{"href":"https:\/\/sv-koerne83.de\/wordpress\/wp-json\/wp\/v2\/tribe_events"}],"about":[{"href":"https:\/\/sv-koerne83.de\/wordpress\/wp-json\/wp\/v2\/types\/tribe_events"}],"author":[{"embeddable":true,"href":"https:\/\/sv-koerne83.de\/wordpress\/wp-json\/wp\/v2\/users\/2"}],"replies":[{"embeddable":true,"href":"https:\/\/sv-koerne83.de\/wordpress\/wp-json\/wp\/v2\/comments?post=3834"}],"version-history":[{"count":10,"href":"https:\/\/sv-koerne83.de\/wordpress\/wp-json\/wp\/v2\/tribe_events\/3834\/revisions"}],"predecessor-version":[{"id":3854,"href":"https:\/\/sv-koerne83.de\/wordpress\/wp-json\/wp\/v2\/tribe_events\/3834\/revisions\/3854"}],"wp:attachment":[{"href":"https:\/\/sv-koerne83.de\/wordpress\/wp-json\/wp\/v2\/media?parent=3834"}],"wp:term":[{"taxonomy":"post_tag","embeddable":true,"href":"https:\/\/sv-koerne83.de\/wordpress\/wp-json\/wp\/v2\/tags?post=3834"},{"taxonomy":"tribe_events_cat","embeddable":true,"href":"https:\/\/sv-koerne83.de\/wordpress\/wp-json\/wp\/v2\/tribe_events_cat?post=3834"}],"curies":[{"name":"wp","href":"https:\/\/api.w.org\/{rel}","templated":true}]}}

KÖRNER WOCHE 2025

<p>Vom 11.07.2025 bis zum 19.07.2025 findet die KÖRNER WOCHE im Rahmen des diesjährigen Körner Treffs statt. Euch erwarten tolle Programmpunkte und wir freuen uns, euch auf unserer Sportanlage im Affenkäfig begrüßen zu dürfen.</p>
<p><strong><u>FREITAG 11.07.2025</u></strong><br />
<strong>ab 18.30 Uhr: Eine Legende verlässt das Gelände</strong><br />
SV Körne 83 (Ü50) vs. Eddy &amp; Friends</p>
<p>anschließend Dämmershoppen mit der Band <strong>SEVEN PLANETS</strong></p>
<p><img loading="lazy" decoding="async" class="alignnone wp-image-3837 size-medium" src="https://sv-koerne83.de/wordpress/wp-content/uploads/2025/06/sevenplanets_band-300x200.jpg" alt="" width="300" height="200" srcset="https://sv-koerne83.de/wordpress/wp-content/uploads/2025/06/sevenplanets_band-300x200.jpg 300w, https://sv-koerne83.de/wordpress/wp-content/uploads/2025/06/sevenplanets_band-1024x683.jpg 1024w, https://sv-koerne83.de/wordpress/wp-content/uploads/2025/06/sevenplanets_band-768x512.jpg 768w, https://sv-koerne83.de/wordpress/wp-content/uploads/2025/06/sevenplanets_band-1536x1024.jpg 1536w, https://sv-koerne83.de/wordpress/wp-content/uploads/2025/06/sevenplanets_band-128x85.jpg 128w, https://sv-koerne83.de/wordpress/wp-content/uploads/2025/06/sevenplanets_band-32x21.jpg 32w, https://sv-koerne83.de/wordpress/wp-content/uploads/2025/06/sevenplanets_band.jpg 1600w" sizes="auto, (max-width: 300px) 100vw, 300px" /></p>
<hr />
<p><strong><u>SAMSTAG 12.07.2025</u></strong><br />
<strong>13.00 Uhr bis 18.00 Uhr</strong><br />
Kinderfest mit Hüpfburg, Wasserrutschbahn, Kinderschminken und Zauberer. Kommt vorbei und genießt einen schönen Tag auf unserer Sportanlage</p>
<p><img loading="lazy" decoding="async" class="alignnone size-medium wp-image-3838" src="https://sv-koerne83.de/wordpress/wp-content/uploads/2025/06/Sparkasse_Dortmund_Huepfburg_01-1120x630-1-300x169.jpg" alt="" width="300" height="169" srcset="https://sv-koerne83.de/wordpress/wp-content/uploads/2025/06/Sparkasse_Dortmund_Huepfburg_01-1120x630-1-300x169.jpg 300w, https://sv-koerne83.de/wordpress/wp-content/uploads/2025/06/Sparkasse_Dortmund_Huepfburg_01-1120x630-1-1024x576.jpg 1024w, https://sv-koerne83.de/wordpress/wp-content/uploads/2025/06/Sparkasse_Dortmund_Huepfburg_01-1120x630-1-768x432.jpg 768w, https://sv-koerne83.de/wordpress/wp-content/uploads/2025/06/Sparkasse_Dortmund_Huepfburg_01-1120x630-1-128x72.jpg 128w, https://sv-koerne83.de/wordpress/wp-content/uploads/2025/06/Sparkasse_Dortmund_Huepfburg_01-1120x630-1-32x18.jpg 32w, https://sv-koerne83.de/wordpress/wp-content/uploads/2025/06/Sparkasse_Dortmund_Huepfburg_01-1120x630-1.jpg 1120w" sizes="auto, (max-width: 300px) 100vw, 300px" /></p>
<hr />
<p><strong><u>MONTAG 14.07.2025 bis FREITAG 18.07.2025</u></strong><br />
<strong>13.00 Uhr bis 18.00 Uhr</strong><br />
Kinderferien-Woche auf dem Sportplatz. Jeden Tag von 13.00 bis 18.00 Uhr. Spiele, Mittagssnack und täglich wechselnde MitMachAktionen.</p>
<ul>
<li>Montag: Kindertrödelmarkt (Jeder darf mitmachen)</li>
<li>Dienstag: Sporttag mit unserer „SV Körne Olympiade“</li>
<li>Mittwoch: Wasserspielfest mit Hüpfburg und Wasserrutschbahn</li>
<li>Donnerstag: Wasserspielfest mit Hüpfburg und Wasserrutschbahn</li>
<li>Freitag: Kinderschminken + Haare stylen (von 15.00 bis 18.00 Uhr), Kinderdisco (ab 18.00 Uhr)</li>
</ul>
<hr />
<p><strong><u>SAMSTAG 19.07.2025</u></strong><br />
<strong>11.00 Uhr: Eröffnungsspiel</strong><br />
SV Körne 83 III vs. FC Dortmund 18 III</p>
<p><strong>13.00 Uhr: Körner Hellweg Pokal</strong><br />
<img loading="lazy" decoding="async" class="alignnone wp-image-3839 size-thumbnail" src="https://sv-koerne83.de/wordpress/wp-content/uploads/2025/06/fc_dortmund-150x150.png" alt="" width="150" height="150" srcset="https://sv-koerne83.de/wordpress/wp-content/uploads/2025/06/fc_dortmund-150x150.png 150w, https://sv-koerne83.de/wordpress/wp-content/uploads/2025/06/fc_dortmund-128x128.png 128w, https://sv-koerne83.de/wordpress/wp-content/uploads/2025/06/fc_dortmund-32x32.png 32w, https://sv-koerne83.de/wordpress/wp-content/uploads/2025/06/fc_dortmund.png 300w" sizes="auto, (max-width: 150px) 100vw, 150px" /> <img loading="lazy" decoding="async" class="alignnone wp-image-3840 size-thumbnail" src="https://sv-koerne83.de/wordpress/wp-content/uploads/2025/06/oesg_viktoria_neu-150x150.png" alt="" width="150" height="150" srcset="https://sv-koerne83.de/wordpress/wp-content/uploads/2025/06/oesg_viktoria_neu-150x150.png 150w, https://sv-koerne83.de/wordpress/wp-content/uploads/2025/06/oesg_viktoria_neu-128x128.png 128w, https://sv-koerne83.de/wordpress/wp-content/uploads/2025/06/oesg_viktoria_neu-32x32.png 32w, https://sv-koerne83.de/wordpress/wp-content/uploads/2025/06/oesg_viktoria_neu.png 300w" sizes="auto, (max-width: 150px) 100vw, 150px" /> <img loading="lazy" decoding="async" class="alignnone wp-image-3841 size-thumbnail" src="https://sv-koerne83.de/wordpress/wp-content/uploads/2025/06/sv_koerne_83-150x150.png" alt="" width="150" height="150" srcset="https://sv-koerne83.de/wordpress/wp-content/uploads/2025/06/sv_koerne_83-150x150.png 150w, https://sv-koerne83.de/wordpress/wp-content/uploads/2025/06/sv_koerne_83-128x128.png 128w, https://sv-koerne83.de/wordpress/wp-content/uploads/2025/06/sv_koerne_83-32x32.png 32w, https://sv-koerne83.de/wordpress/wp-content/uploads/2025/06/sv_koerne_83.png 300w" sizes="auto, (max-width: 150px) 100vw, 150px" /> <img loading="lazy" decoding="async" class="alignnone wp-image-3842 size-thumbnail" src="https://sv-koerne83.de/wordpress/wp-content/uploads/2025/06/tus_koerne-150x150.png" alt="" width="150" height="150" srcset="https://sv-koerne83.de/wordpress/wp-content/uploads/2025/06/tus_koerne-150x150.png 150w, https://sv-koerne83.de/wordpress/wp-content/uploads/2025/06/tus_koerne-128x128.png 128w, https://sv-koerne83.de/wordpress/wp-content/uploads/2025/06/tus_koerne-32x32.png 32w, https://sv-koerne83.de/wordpress/wp-content/uploads/2025/06/tus_koerne.png 300w" sizes="auto, (max-width: 150px) 100vw, 150px" /></p>
<p><strong>19.00 Uhr: After-Turnier-Party </strong>mit DJ IGL und Antonella Rossi &amp; Friends</p>
<p><img loading="lazy" decoding="async" class="alignnone wp-image-3843 size-medium" src="https://sv-koerne83.de/wordpress/wp-content/uploads/2025/06/620-ImCasten-566-von-628-300x200.jpg" alt="" width="300" height="200" srcset="https://sv-koerne83.de/wordpress/wp-content/uploads/2025/06/620-ImCasten-566-von-628-300x200.jpg 300w, https://sv-koerne83.de/wordpress/wp-content/uploads/2025/06/620-ImCasten-566-von-628-1024x683.jpg 1024w, https://sv-koerne83.de/wordpress/wp-content/uploads/2025/06/620-ImCasten-566-von-628-768x512.jpg 768w, https://sv-koerne83.de/wordpress/wp-content/uploads/2025/06/620-ImCasten-566-von-628-1536x1025.jpg 1536w, https://sv-koerne83.de/wordpress/wp-content/uploads/2025/06/620-ImCasten-566-von-628-128x85.jpg 128w, https://sv-koerne83.de/wordpress/wp-content/uploads/2025/06/620-ImCasten-566-von-628-32x21.jpg 32w, https://sv-koerne83.de/wordpress/wp-content/uploads/2025/06/620-ImCasten-566-von-628.jpg 1920w" sizes="auto, (max-width: 300px) 100vw, 300px" /></p>
<hr />
<p><img loading="lazy" decoding="async" class="alignnone wp-image-3852 size-large" src="https://sv-koerne83.de/wordpress/wp-content/uploads/2025/06/Plakat_Koerner-Woche_2025_A3-724x1024.jpg" alt="" width="620" height="877" srcset="https://sv-koerne83.de/wordpress/wp-content/uploads/2025/06/Plakat_Koerner-Woche_2025_A3-724x1024.jpg 724w, https://sv-koerne83.de/wordpress/wp-content/uploads/2025/06/Plakat_Koerner-Woche_2025_A3-212x300.jpg 212w, https://sv-koerne83.de/wordpress/wp-content/uploads/2025/06/Plakat_Koerner-Woche_2025_A3-768x1086.jpg 768w, https://sv-koerne83.de/wordpress/wp-content/uploads/2025/06/Plakat_Koerner-Woche_2025_A3-1086x1536.jpg 1086w, https://sv-koerne83.de/wordpress/wp-content/uploads/2025/06/Plakat_Koerner-Woche_2025_A3-1448x2048.jpg 1448w, https://sv-koerne83.de/wordpress/wp-content/uploads/2025/06/Plakat_Koerner-Woche_2025_A3-91x128.jpg 91w, https://sv-koerne83.de/wordpress/wp-content/uploads/2025/06/Plakat_Koerner-Woche_2025_A3-23x32.jpg 23w, https://sv-koerne83.de/wordpress/wp-content/uploads/2025/06/Plakat_Koerner-Woche_2025_A3-scaled.jpg 1810w" sizes="auto, (max-width: 620px) 100vw, 620px" /><img loading="lazy" decoding="async" class="alignnone wp-image-3851 size-large" src="https://sv-koerne83.de/wordpress/wp-content/uploads/2025/06/Plakat_Kinderferienwoche-724x1024.jpg" alt="" width="620" height="877" srcset="https://sv-koerne83.de/wordpress/wp-content/uploads/2025/06/Plakat_Kinderferienwoche-724x1024.jpg 724w, https://sv-koerne83.de/wordpress/wp-content/uploads/2025/06/Plakat_Kinderferienwoche-212x300.jpg 212w, https://sv-koerne83.de/wordpress/wp-content/uploads/2025/06/Plakat_Kinderferienwoche-768x1086.jpg 768w, https://sv-koerne83.de/wordpress/wp-content/uploads/2025/06/Plakat_Kinderferienwoche-1086x1536.jpg 1086w, https://sv-koerne83.de/wordpress/wp-content/uploads/2025/06/Plakat_Kinderferienwoche-1448x2048.jpg 1448w, https://sv-koerne83.de/wordpress/wp-content/uploads/2025/06/Plakat_Kinderferienwoche-91x128.jpg 91w, https://sv-koerne83.de/wordpress/wp-content/uploads/2025/06/Plakat_Kinderferienwoche-23x32.jpg 23w, https://sv-koerne83.de/wordpress/wp-content/uploads/2025/06/Plakat_Kinderferienwoche-scaled.jpg 1810w" sizes="auto, (max-width: 620px) 100vw, 620px" /></p>

<p>Vom 11.07.2025 bis zum 19.07.2025 findet die KÖRNER WOCHE im Rahmen des diesjährigen Körner Treffs statt. Euch erwarten tolle Programmpunkte und wir freuen uns, euch auf unserer Sportanlage im Affenkäfig [&hellip;]</p>
