{"id":3959,"date":"2025-08-25T15:08:34","date_gmt":"2025-08-25T13:08:34","guid":{"rendered":"https:\/\/sv-koerne83.de\/wordpress\/?post_type=tribe_events&#038;p=3959"},"modified":"2025-08-25T15:08:34","modified_gmt":"2025-08-25T13:08:34","slug":"derby-in-koerne-svk-vs-tus","status":"publish","type":"tribe_events","link":"https:\/\/sv-koerne83.de\/wordpress\/event\/derby-in-koerne-svk-vs-tus\/","title":{"rendered":"Derby in K\u00f6rne | SVK vs. TuS"},"content":{"rendered":"<p>Das Derby in der Kreisliga A steht an. Der SV K\u00f6rne 83 trifft auf das Team von DJK TuS K\u00f6rne. Gespielt wird am Freitag, den 26.09.2025. Ansto\u00df ist um 19.30 Uhr.<br \/>\nDortmund<\/p>\n","protected":false},"excerpt":{"rendered":"<p>Das Derby in der Kreisliga A steht an. Der SV K\u00f6rne 83 trifft auf das Team von DJK TuS K\u00f6rne. Gespielt wird am Freitag, den 26.09.2025. Ansto\u00df ist um 19.30 [&hellip;]<\/p>\n","protected":false},"author":2,"featured_media":3960,"comment_status":"closed","ping_status":"closed","template":"","meta":{"_tribe_events_status":"","_tribe_events_status_reason":"","footnotes":""},"tags":[],"tribe_events_cat":[5],"class_list":["post-3959","tribe_events","type-tribe_events","status-publish","has-post-thumbnail","hentry","tribe_events_cat-meisterschaftsspiel","cat_meisterschaftsspiel"],"jetpack_sharing_enabled":true,"_links":{"self":[{"href":"https:\/\/sv-koerne83.de\/wordpress\/wp-json\/wp\/v2\/tribe_events\/3959","targetHints":{"allow":["GET"]}}],"collection":[{"href":"https:\/\/sv-koerne83.de\/wordpress\/wp-json\/wp\/v2\/tribe_events"}],"about":[{"href":"https:\/\/sv-koerne83.de\/wordpress\/wp-json\/wp\/v2\/types\/tribe_events"}],"author":[{"embeddable":true,"href":"https:\/\/sv-koerne83.de\/wordpress\/wp-json\/wp\/v2\/users\/2"}],"replies":[{"embeddable":true,"href":"https:\/\/sv-koerne83.de\/wordpress\/wp-json\/wp\/v2\/comments?post=3959"}],"version-history":[{"count":1,"href":"https:\/\/sv-koerne83.de\/wordpress\/wp-json\/wp\/v2\/tribe_events\/3959\/revisions"}],"predecessor-version":[{"id":3961,"href":"https:\/\/sv-koerne83.de\/wordpress\/wp-json\/wp\/v2\/tribe_events\/3959\/revisions\/3961"}],"wp:featuredmedia":[{"embeddable":true,"href":"https:\/\/sv-koerne83.de\/wordpress\/wp-json\/wp\/v2\/media\/3960"}],"wp:attachment":[{"href":"https:\/\/sv-koerne83.de\/wordpress\/wp-json\/wp\/v2\/media?parent=3959"}],"wp:term":[{"taxonomy":"post_tag","embeddable":true,"href":"https:\/\/sv-koerne83.de\/wordpress\/wp-json\/wp\/v2\/tags?post=3959"},{"taxonomy":"tribe_events_cat","embeddable":true,"href":"https:\/\/sv-koerne83.de\/wordpress\/wp-json\/wp\/v2\/tribe_events_cat?post=3959"}],"curies":[{"name":"wp","href":"https:\/\/api.w.org\/{rel}","templated":true}]}}

Derby in Körne | SVK vs. TuS

<p>Das Derby in der Kreisliga A steht an. Der SV Körne 83 trifft auf das Team von DJK TuS Körne. Gespielt wird am Freitag, den 26.09.2025. Anstoß ist um 19.30 Uhr.<br />
Dortmund</p>

<p>Das Derby in der Kreisliga A steht an. Der SV Körne 83 trifft auf das Team von DJK TuS Körne. Gespielt wird am Freitag, den 26.09.2025. Anstoß ist um 19.30 [&hellip;]</p>
