{"id":4211,"date":"2026-01-12T09:56:02","date_gmt":"2026-01-12T08:56:02","guid":{"rendered":"https:\/\/sv-koerne83.de\/wordpress\/?post_type=tribe_events&#038;p=4211"},"modified":"2026-01-12T09:56:02","modified_gmt":"2026-01-12T08:56:02","slug":"jahreshauptversammlung","status":"publish","type":"tribe_events","link":"https:\/\/sv-koerne83.de\/wordpress\/event\/jahreshauptversammlung\/","title":{"rendered":"Jahreshauptversammlung"},"content":{"rendered":"<p><strong>Einladung zur Jahreshauptversammlung<\/strong><br \/>\nLiebe Vereinsmitglieder,<br \/>\nhiermit laden wir euch recht herzlich zu unserer Jahreshauptversammlung am 2.2.2026 um 18.30 Uhr im Vereinsheim ein. <\/p>\n<p>Tagesordnung:<br \/>\n1.\tBegr\u00fc\u00dfung<br \/>\n2.\tGenehmigung der Tagesordnung<br \/>\n3.\tBericht des Vorstandes<br \/>\n4.\tFinanzbericht<br \/>\n5.\tBericht Kassenpr\u00fcfer<br \/>\n6.\tEntlastung<br \/>\n7.\tWahl des Versammlungsleiters<br \/>\n8.\tNeuwahlen (1. Vorsitzender, 2. Vorsitzender, 1. Gesch\u00e4ftsf\u00fchrer, 2. Gesch\u00e4ftsf\u00fchrer, Kassierer, Kassenpr\u00fcfer, stellv. Kassenpr\u00fcfer)<br \/>\n9.\tAntr\u00e4ge<br \/>\n10.\tEhrungen<br \/>\n11.\tVerschiedenes<\/p>\n<p>Antr\u00e4ge sind sp\u00e4testens bis Montag 26.01.2026 schriftlich per E-Mail an info@sv-koerne83.de einzureichen.<\/p>\n","protected":false},"excerpt":{"rendered":"<p>Einladung zur Jahreshauptversammlung Liebe Vereinsmitglieder, hiermit laden wir euch recht herzlich zu unserer Jahreshauptversammlung am 2.2.2026 um 18.30 Uhr im Vereinsheim ein. Tagesordnung: 1. Begr\u00fc\u00dfung 2. Genehmigung der Tagesordnung 3. [&hellip;]<\/p>\n","protected":false},"author":2,"featured_media":0,"comment_status":"closed","ping_status":"closed","template":"","meta":{"_tribe_events_status":"","_tribe_events_status_reason":"","footnotes":""},"tags":[],"tribe_events_cat":[],"class_list":["post-4211","tribe_events","type-tribe_events","status-publish","hentry"],"jetpack_sharing_enabled":true,"_links":{"self":[{"href":"https:\/\/sv-koerne83.de\/wordpress\/wp-json\/wp\/v2\/tribe_events\/4211","targetHints":{"allow":["GET"]}}],"collection":[{"href":"https:\/\/sv-koerne83.de\/wordpress\/wp-json\/wp\/v2\/tribe_events"}],"about":[{"href":"https:\/\/sv-koerne83.de\/wordpress\/wp-json\/wp\/v2\/types\/tribe_events"}],"author":[{"embeddable":true,"href":"https:\/\/sv-koerne83.de\/wordpress\/wp-json\/wp\/v2\/users\/2"}],"replies":[{"embeddable":true,"href":"https:\/\/sv-koerne83.de\/wordpress\/wp-json\/wp\/v2\/comments?post=4211"}],"version-history":[{"count":1,"href":"https:\/\/sv-koerne83.de\/wordpress\/wp-json\/wp\/v2\/tribe_events\/4211\/revisions"}],"predecessor-version":[{"id":4212,"href":"https:\/\/sv-koerne83.de\/wordpress\/wp-json\/wp\/v2\/tribe_events\/4211\/revisions\/4212"}],"wp:attachment":[{"href":"https:\/\/sv-koerne83.de\/wordpress\/wp-json\/wp\/v2\/media?parent=4211"}],"wp:term":[{"taxonomy":"post_tag","embeddable":true,"href":"https:\/\/sv-koerne83.de\/wordpress\/wp-json\/wp\/v2\/tags?post=4211"},{"taxonomy":"tribe_events_cat","embeddable":true,"href":"https:\/\/sv-koerne83.de\/wordpress\/wp-json\/wp\/v2\/tribe_events_cat?post=4211"}],"curies":[{"name":"wp","href":"https:\/\/api.w.org\/{rel}","templated":true}]}}

<p><strong>Einladung zur Jahreshauptversammlung</strong><br />
Liebe Vereinsmitglieder,<br />
hiermit laden wir euch recht herzlich zu unserer Jahreshauptversammlung am 2.2.2026 um 18.30 Uhr im Vereinsheim ein. </p>
<p>Tagesordnung:<br />
1.	Begrüßung<br />
2.	Genehmigung der Tagesordnung<br />
3.	Bericht des Vorstandes<br />
4.	Finanzbericht<br />
5.	Bericht Kassenprüfer<br />
6.	Entlastung<br />
7.	Wahl des Versammlungsleiters<br />
8.	Neuwahlen (1. Vorsitzender, 2. Vorsitzender, 1. Geschäftsführer, 2. Geschäftsführer, Kassierer, Kassenprüfer, stellv. Kassenprüfer)<br />
9.	Anträge<br />
10.	Ehrungen<br />
11.	Verschiedenes</p>
<p>Anträge sind spätestens bis Montag 26.01.2026 schriftlich per E-Mail an info@sv-koerne83.de einzureichen.</p>

<p>Einladung zur Jahreshauptversammlung Liebe Vereinsmitglieder, hiermit laden wir euch recht herzlich zu unserer Jahreshauptversammlung am 2.2.2026 um 18.30 Uhr im Vereinsheim ein. Tagesordnung: 1. Begrüßung 2. Genehmigung der Tagesordnung 3. [&hellip;]</p>
