{"id":4353,"date":"2026-07-20T12:52:08","date_gmt":"2026-07-20T10:52:08","guid":{"rendered":"https:\/\/sv-koerne83.de\/wordpress\/?post_type=tribe_events&#038;p=4353"},"modified":"2026-08-20T14:51:05","modified_gmt":"2026-08-20T12:51:05","slug":"koerner-treff","status":"publish","type":"tribe_events","link":"https:\/\/sv-koerne83.de\/wordpress\/event\/koerner-treff\/","title":{"rendered":"K\u00f6rner Treff"},"content":{"rendered":"<p>Nach vielen Jahren findet der 43. K\u00f6rner Treff wieder im Herzen von K\u00f6rne statt. In Zusammenarbeit mit der KFZ Werkstatt <strong>Car Style &amp; more<\/strong> konnten wir an der Stuttgartstra\u00dfe eine passende Location finden. Euch erwartet an zwei Tagen ein tolles Programm unter dem Motto &#8222;K\u00f6rne tanzt und K\u00f6rne macht Party&#8220;.<\/p>\n<p>&nbsp;<\/p>\n<h2><strong>Freitag 28.08.2026<\/strong><\/h2>\n<p>18.00 Uhr: Begr\u00fc\u00dfung &amp; Fassanstich<\/p>\n<p>danach: <strong>K\u00d6RNE TANZT mit DJ Danny und DJ IGL<\/strong>. Zur\u00fcck in die guten alten Zeiten. Quovadis, Rigoletto, Live Station, Sixx PM, Keller. <em>Beitrag f\u00fcr Sicherheit &amp; Organisation: 5 \u20ac (wird am Eingang bezahlt, inkl. 1 Freigetr\u00e4nk)<\/em><\/p>\n<p><img loading=\"lazy\" decoding=\"async\" class=\"alignnone size-medium wp-image-4385\" src=\"https:\/\/sv-koerne83.de\/wordpress\/wp-content\/uploads\/2026\/07\/DJ-Danny-web-200x300.png\" alt=\"\" width=\"200\" height=\"300\" srcset=\"https:\/\/sv-koerne83.de\/wordpress\/wp-content\/uploads\/2026\/07\/DJ-Danny-web-200x300.png 200w, https:\/\/sv-koerne83.de\/wordpress\/wp-content\/uploads\/2026\/07\/DJ-Danny-web-683x1024.png 683w, https:\/\/sv-koerne83.de\/wordpress\/wp-content\/uploads\/2026\/07\/DJ-Danny-web-85x128.png 85w, https:\/\/sv-koerne83.de\/wordpress\/wp-content\/uploads\/2026\/07\/DJ-Danny-web-21x32.png 21w, https:\/\/sv-koerne83.de\/wordpress\/wp-content\/uploads\/2026\/07\/DJ-Danny-web.png 735w\" sizes=\"auto, (max-width: 200px) 100vw, 200px\" \/><\/p>\n<h2><strong>Samstag 29.08.2026<\/strong><\/h2>\n<p>14.00 Uhr bis 18.00 Uhr: Kinderfest mit H\u00fcpfburg, Kinderschminken und Mr. Tom<\/p>\n<p><img loading=\"lazy\" decoding=\"async\" class=\"alignnone size-full wp-image-4396\" src=\"https:\/\/sv-koerne83.de\/wordpress\/wp-content\/uploads\/2026\/07\/stelzenlaeufer-dortmund.jpg\" alt=\"\" width=\"100\" height=\"100\" srcset=\"https:\/\/sv-koerne83.de\/wordpress\/wp-content\/uploads\/2026\/07\/stelzenlaeufer-dortmund.jpg 100w, https:\/\/sv-koerne83.de\/wordpress\/wp-content\/uploads\/2026\/07\/stelzenlaeufer-dortmund-32x32.jpg 32w\" sizes=\"auto, (max-width: 100px) 100vw, 100px\" \/><\/p>\n<p>ab 19.00 Uhr: <strong>K\u00d6RNE macht PARTY mit Birdie<\/strong>. Die legend\u00e4re Coverband aus Dortmund.<\/p>\n<figure id=\"attachment_4386\" aria-describedby=\"caption-attachment-4386\" style=\"width: 300px\" class=\"wp-caption alignnone\"><img loading=\"lazy\" decoding=\"async\" class=\"size-medium wp-image-4386\" src=\"https:\/\/sv-koerne83.de\/wordpress\/wp-content\/uploads\/2026\/07\/BIRDIE_01-300x160.jpg\" alt=\"\" width=\"300\" height=\"160\" srcset=\"https:\/\/sv-koerne83.de\/wordpress\/wp-content\/uploads\/2026\/07\/BIRDIE_01-300x160.jpg 300w, https:\/\/sv-koerne83.de\/wordpress\/wp-content\/uploads\/2026\/07\/BIRDIE_01-1024x546.jpg 1024w, https:\/\/sv-koerne83.de\/wordpress\/wp-content\/uploads\/2026\/07\/BIRDIE_01-768x410.jpg 768w, https:\/\/sv-koerne83.de\/wordpress\/wp-content\/uploads\/2026\/07\/BIRDIE_01-1536x819.jpg 1536w, https:\/\/sv-koerne83.de\/wordpress\/wp-content\/uploads\/2026\/07\/BIRDIE_01-2048x1092.jpg 2048w, https:\/\/sv-koerne83.de\/wordpress\/wp-content\/uploads\/2026\/07\/BIRDIE_01-128x68.jpg 128w, https:\/\/sv-koerne83.de\/wordpress\/wp-content\/uploads\/2026\/07\/BIRDIE_01-32x17.jpg 32w\" sizes=\"auto, (max-width: 300px) 100vw, 300px\" \/><figcaption id=\"caption-attachment-4386\" class=\"wp-caption-text\">BS_Foto<\/figcaption><\/figure>\n<p>Die Topband aus Dortmund begeistert mittlerweile seit mehr als 35 Jahren auf den unterschiedlichsten Veranstaltungen ihr Publikum mit energiegeladenen und mitrei\u00dfenden Live-Shows. Ob gro\u00dfe B\u00fchnen, private Feiern oder Festivals \u2013 Birdie bringt jeden Saal zum Kochen und \u00fcberzeugt dabei durch die charismatische B\u00fchnenpr\u00e4senz und musikalische Vielseitigkeit.<\/p>\n<p>Zu ihrem breiten Repertoire geh\u00f6ren ebenso die Klassiker der Pop- und Rock-Geschichte, als auch aktuelle Charthits. Dabei wird die Band von der Fangemeinde besonders f\u00fcr ihre musikalische Kreativit\u00e4t gefeiert, die immer wieder zu h\u00f6renswerten Eigeninterpretationen und \u00fcberraschend neuen Versionen beliebter Hits f\u00fchrt. Der unverwechselbare Charakter der Band wird durch abwechslungsreiche Medleys verschiedener Genres komplettiert.<\/p>\n<p><em>Beitrag f\u00fcr Sicherheit &amp; Organisation: 10 \u20ac (wird am Eingang bezahlt, inkl. 1 Freigetr\u00e4nk)<\/em><\/p>\n","protected":false},"excerpt":{"rendered":"<p>Nach vielen Jahren findet der 43. K\u00f6rner Treff wieder im Herzen von K\u00f6rne statt. In Zusammenarbeit mit der KFZ Werkstatt Car Style &amp; more konnten wir an der Stuttgartstra\u00dfe eine [&hellip;]<\/p>\n","protected":false},"author":2,"featured_media":4359,"comment_status":"closed","ping_status":"closed","template":"","meta":{"_tribe_events_status":"","_tribe_events_status_reason":"","footnotes":""},"tags":[],"tribe_events_cat":[8],"class_list":["post-4353","tribe_events","type-tribe_events","status-publish","has-post-thumbnail","hentry","tribe_events_cat-feier","cat_feier"],"jetpack_sharing_enabled":true,"_links":{"self":[{"href":"https:\/\/sv-koerne83.de\/wordpress\/wp-json\/wp\/v2\/tribe_events\/4353","targetHints":{"allow":["GET"]}}],"collection":[{"href":"https:\/\/sv-koerne83.de\/wordpress\/wp-json\/wp\/v2\/tribe_events"}],"about":[{"href":"https:\/\/sv-koerne83.de\/wordpress\/wp-json\/wp\/v2\/types\/tribe_events"}],"author":[{"embeddable":true,"href":"https:\/\/sv-koerne83.de\/wordpress\/wp-json\/wp\/v2\/users\/2"}],"replies":[{"embeddable":true,"href":"https:\/\/sv-koerne83.de\/wordpress\/wp-json\/wp\/v2\/comments?post=4353"}],"version-history":[{"count":7,"href":"https:\/\/sv-koerne83.de\/wordpress\/wp-json\/wp\/v2\/tribe_events\/4353\/revisions"}],"predecessor-version":[{"id":4397,"href":"https:\/\/sv-koerne83.de\/wordpress\/wp-json\/wp\/v2\/tribe_events\/4353\/revisions\/4397"}],"wp:featuredmedia":[{"embeddable":true,"href":"https:\/\/sv-koerne83.de\/wordpress\/wp-json\/wp\/v2\/media\/4359"}],"wp:attachment":[{"href":"https:\/\/sv-koerne83.de\/wordpress\/wp-json\/wp\/v2\/media?parent=4353"}],"wp:term":[{"taxonomy":"post_tag","embeddable":true,"href":"https:\/\/sv-koerne83.de\/wordpress\/wp-json\/wp\/v2\/tags?post=4353"},{"taxonomy":"tribe_events_cat","embeddable":true,"href":"https:\/\/sv-koerne83.de\/wordpress\/wp-json\/wp\/v2\/tribe_events_cat?post=4353"}],"curies":[{"name":"wp","href":"https:\/\/api.w.org\/{rel}","templated":true}]}}

Körner Treff

<p>Nach vielen Jahren findet der 43. Körner Treff wieder im Herzen von Körne statt. In Zusammenarbeit mit der KFZ Werkstatt <strong>Car Style &amp; more</strong> konnten wir an der Stuttgartstraße eine passende Location finden. Euch erwartet an zwei Tagen ein tolles Programm unter dem Motto &#8222;Körne tanzt und Körne macht Party&#8220;.</p>
<p>&nbsp;</p>
<h2><strong>Freitag 28.08.2026</strong></h2>
<p>18.00 Uhr: Begrüßung &amp; Fassanstich</p>
<p>danach: <strong>KÖRNE TANZT mit DJ Danny und DJ IGL</strong>. Zurück in die guten alten Zeiten. Quovadis, Rigoletto, Live Station, Sixx PM, Keller. <em>Beitrag für Sicherheit &amp; Organisation: 5 € (wird am Eingang bezahlt, inkl. 1 Freigetränk)</em></p>
<p><img loading="lazy" decoding="async" class="alignnone size-medium wp-image-4385" src="https://sv-koerne83.de/wordpress/wp-content/uploads/2026/07/DJ-Danny-web-200x300.png" alt="" width="200" height="300" srcset="https://sv-koerne83.de/wordpress/wp-content/uploads/2026/07/DJ-Danny-web-200x300.png 200w, https://sv-koerne83.de/wordpress/wp-content/uploads/2026/07/DJ-Danny-web-683x1024.png 683w, https://sv-koerne83.de/wordpress/wp-content/uploads/2026/07/DJ-Danny-web-85x128.png 85w, https://sv-koerne83.de/wordpress/wp-content/uploads/2026/07/DJ-Danny-web-21x32.png 21w, https://sv-koerne83.de/wordpress/wp-content/uploads/2026/07/DJ-Danny-web.png 735w" sizes="auto, (max-width: 200px) 100vw, 200px" /></p>
<h2><strong>Samstag 29.08.2026</strong></h2>
<p>14.00 Uhr bis 18.00 Uhr: Kinderfest mit Hüpfburg, Kinderschminken und Mr. Tom</p>
<p><img loading="lazy" decoding="async" class="alignnone size-full wp-image-4396" src="https://sv-koerne83.de/wordpress/wp-content/uploads/2026/07/stelzenlaeufer-dortmund.jpg" alt="" width="100" height="100" srcset="https://sv-koerne83.de/wordpress/wp-content/uploads/2026/07/stelzenlaeufer-dortmund.jpg 100w, https://sv-koerne83.de/wordpress/wp-content/uploads/2026/07/stelzenlaeufer-dortmund-32x32.jpg 32w" sizes="auto, (max-width: 100px) 100vw, 100px" /></p>
<p>ab 19.00 Uhr: <strong>KÖRNE macht PARTY mit Birdie</strong>. Die legendäre Coverband aus Dortmund.</p>
<figure id="attachment_4386" aria-describedby="caption-attachment-4386" style="width: 300px" class="wp-caption alignnone"><img loading="lazy" decoding="async" class="size-medium wp-image-4386" src="https://sv-koerne83.de/wordpress/wp-content/uploads/2026/07/BIRDIE_01-300x160.jpg" alt="" width="300" height="160" srcset="https://sv-koerne83.de/wordpress/wp-content/uploads/2026/07/BIRDIE_01-300x160.jpg 300w, https://sv-koerne83.de/wordpress/wp-content/uploads/2026/07/BIRDIE_01-1024x546.jpg 1024w, https://sv-koerne83.de/wordpress/wp-content/uploads/2026/07/BIRDIE_01-768x410.jpg 768w, https://sv-koerne83.de/wordpress/wp-content/uploads/2026/07/BIRDIE_01-1536x819.jpg 1536w, https://sv-koerne83.de/wordpress/wp-content/uploads/2026/07/BIRDIE_01-2048x1092.jpg 2048w, https://sv-koerne83.de/wordpress/wp-content/uploads/2026/07/BIRDIE_01-128x68.jpg 128w, https://sv-koerne83.de/wordpress/wp-content/uploads/2026/07/BIRDIE_01-32x17.jpg 32w" sizes="auto, (max-width: 300px) 100vw, 300px" /><figcaption id="caption-attachment-4386" class="wp-caption-text">BS_Foto</figcaption></figure>
<p>Die Topband aus Dortmund begeistert mittlerweile seit mehr als 35 Jahren auf den unterschiedlichsten Veranstaltungen ihr Publikum mit energiegeladenen und mitreißenden Live-Shows. Ob große Bühnen, private Feiern oder Festivals – Birdie bringt jeden Saal zum Kochen und überzeugt dabei durch die charismatische Bühnenpräsenz und musikalische Vielseitigkeit.</p>
<p>Zu ihrem breiten Repertoire gehören ebenso die Klassiker der Pop- und Rock-Geschichte, als auch aktuelle Charthits. Dabei wird die Band von der Fangemeinde besonders für ihre musikalische Kreativität gefeiert, die immer wieder zu hörenswerten Eigeninterpretationen und überraschend neuen Versionen beliebter Hits führt. Der unverwechselbare Charakter der Band wird durch abwechslungsreiche Medleys verschiedener Genres komplettiert.</p>
<p><em>Beitrag für Sicherheit &amp; Organisation: 10 € (wird am Eingang bezahlt, inkl. 1 Freigetränk)</em></p>

<p>Nach vielen Jahren findet der 43. Körner Treff wieder im Herzen von Körne statt. In Zusammenarbeit mit der KFZ Werkstatt Car Style &amp; more konnten wir an der Stuttgartstraße eine [&hellip;]</p>
